ighest common divisor of 4 and 359.
1
What is the highest common factor of 7128 and 176?
88
What is the highest common factor of 31 and 1581?
31
What is the highest common factor of 88 and 2024?
88
Calculate the highest common factor of 840 and 3570.
210
What is the highest common divisor of 1280 and 180?
20
What is the highest common factor of 53015 and 115?
115
What is the greatest common divisor of 260 and 20?
20
Calculate the highest common divisor of 7980 and 630.
210
What is the highest common divisor of 27 and 12303?
9
Calculate the highest common divisor of 19 and 6498.
19
Calculate the greatest common factor of 15 and 75.
15
What is the highest common factor of 29 and 203?
29
What is the highest common divisor of 70 and 56?
14
What is the greatest common divisor of 24 and 1608?
24
What is the highest common factor of 416 and 273?
13
Calculate the greatest common divisor of 11 and 8019.
11
What is the greatest common divisor of 3 and 6537?
3
What is the highest common divisor of 2610 and 360?
90
What is the greatest common divisor of 76 and 3268?
76
Calculate the greatest common factor of 266 and 1022.
14
Calculate the highest common divisor of 3353 and 21.
7
What is the highest common factor of 22 and 20471?
11
Calculate the greatest common divisor of 1600 and 75.
25
What is the highest common factor of 5364 and 63?
9
What is the highest common divisor of 72 and 300?
12
Calculate the highest common divisor of 330 and 1870.
110
Calculate the highest common factor of 322 and 6.
2
Calculate the highest common factor of 1751 and 206.
103
What is the highest common factor of 2603 and 38?
19
What is the greatest common factor of 6 and 33162?
6
What is the highest common divisor of 275 and 704?
11
Calculate the highest common factor of 100 and 4100.
100
Calculate the highest common divisor of 5103 and 54.
27
Calculate the greatest common factor of 893 and 76.
19
Calculate the greatest common factor of 238 and 203.
7
Calculate the greatest common factor of 502 and 14809.
251
What is the highest common factor of 1816 and 8?
8
What is the highest common factor of 10 and 4460?
10
Calculate the greatest common factor of 816 and 15.
3
Calculate the highest common factor of 9 and 135.
9
What is the greatest common divisor of 1414 and 126?
14
Calculate the greatest common factor of 3608 and 246.
82
What is the greatest common factor of 803 and 88?
11
What is the greatest common divisor of 36 and 153?
9
Calculate the highest common factor of 1001 and 66.
11
Calculate the greatest common divisor of 175 and 25.
25
What is the highest common factor of 1197 and 693?
63
Calculate the highest common divisor of 80 and 560.
80
Calculate the greatest common divisor of 1248 and 39.
39
Calculate the greatest common factor of 320 and 20.
20
What is the highest common factor of 370 and 37?
37
Calculate the greatest common divisor of 720 and 48.
48
What is the greatest common divisor of 9 and 13?
1
What is the greatest common factor of 102 and 1394?
34
What is the greatest common factor of 9850 and 75?
25
What is the highest common divisor of 280 and 14440?
40
What is the greatest common divisor of 364 and 28?
28
Calculate the highest common divisor of 21 and 1981.
7
What is the highest common divisor of 93 and 12927?
93
Calculate the greatest common factor of 170 and 425.
85
Calculate the highest common factor of 80 and 865.
5
Calculate the greatest common divisor of 245 and 147.
49
What is the highest common divisor of 711 and 158?
79
What is the highest common factor of 210 and 1995?
105
What is the highest common factor of 3336 and 136?
8
What is the highest common factor of 27 and 2?
1
Calculate the greatest common factor of 96 and 624.
48
What is the greatest common factor of 20 and 3790?
10
What is the greatest common divisor of 182 and 11648?
182
What is the greatest common divisor of 560 and 290?
10
What is the greatest common factor of 3629 and 2483?
191
What is the greatest common factor of 214 and 11128?
214
What is the highest common divisor of 235 and 6157?
47
Calculate the greatest common factor of 34 and 6.
2
What is the highest common factor of 80 and 2000?
80
What is the greatest common divisor of 3300 and 1155?
165
What is the greatest common divisor of 29 and 1?
1
What is the greatest common divisor of 3311 and 43?
43
What is the greatest common divisor of 38896 and 26?
26
What is the highest common factor of 7119 and 504?
63
Calculate the greatest common divisor of 38375 and 307.
307
Calculate the greatest common factor of 15943 and 1192.
149
What is the highest common divisor of 343 and 98?
49
What is the greatest common factor of 11 and 77473?
11
What is the greatest common factor of 183 and 3?
3
What is the greatest common factor of 42 and 651?
21
Calculate the greatest common factor of 21 and 987.
21
Calculate the highest common divisor of 185 and 888.
37
What is the highest common divisor of 4270 and 280?
70
What is the highest common factor of 954 and 54?
18
Calculate the highest common divisor of 88 and 76.
4
What is the greatest common factor of 86 and 14921?
43
Calculate the greatest common divisor of 18 and 1098.
18
What is the greatest common divisor of 53 and 159?
53
Calculate the greatest common divisor of 2464 and 32.
32
What is the highest common divisor of 1293 and 6?
3
Calculate the greatest common divisor of 99 and 77.
11
Calculate the highest common divisor of 2220 and 240.
60
What is the greatest common divisor of 169 and 10309?
169
Calculate the greatest common divisor of 3184 and 6567.
199
Calculate the greatest common factor of 240 and 520.
40
Calculate the highest common factor of 20451 and 51.
51
Calculate the highest common factor of 1859 and 11.
11
What is the greatest common factor of 33 and 627?
33
What is the greatest common factor of 16 and 8640?
16
Calculate the highest common factor of 1677 and 156.
39
What is the highest common factor of 198 and 110?
22
Calculate the highest common divisor of 29040 and 240.
240
What is the greatest common factor of 239 and 6453?
239
What is the highest common factor of 70 and 1330?
70
What is the greatest common factor of 52 and 65?
13
What is the greatest common factor of 276 and 1140?
12
Calculate the greatest common factor of 297 and 66.
33
What is the greatest common factor of 145 and 174?
29
Calculate the greatest common divisor of 46 and 10948.
46
What is the highest common factor of 369 and 1148?
41
Calculate the greatest common factor of 448 and 2128.
112
Calculate the greatest common factor of 13 and 16237.
13
What is the greatest common divisor of 50 and 1700?
50
What is the highest common factor of 540 and 27?
27
Calculate the highest common divisor of 2968 and 616.
56
Calculate the greatest common divisor of 551 and 19.
19
Calculate the highest common factor of 23 and 276.
23
What is the highest common divisor of 125 and 45?
5
Calculate the greatest common factor of 49 and 483.
7
Calculate the greatest common factor of 598 and 966.
46
Calculate the greatest common divisor of 77 and 7.
7
Calculate the highest common divisor of 4469 and 218.
109
What is the greatest common factor of 365 and 292?
73
Calculate the highest common factor of 312 and 120.
24
Calculate the greatest common divisor of 1 and 227.
1
Calculate the greatest common factor of 168 and 84.
84
What is the greatest common factor of 2256 and 48?
48
What is the greatest common divisor of 14 and 49?
7
Calculate the highest common factor of 3808 and 340.
68
What is the greatest common factor of 198 and 110?
22
Calculate the greatest common factor of 148 and 5476.
148
Calculate the greatest common divisor of 80 and 360.
40
What is the highest common factor of 132 and 33462?
66
Calculate the greatest common divisor of 240 and 64.
16
Calculate the highest common divisor of 12 and 534.
6
What is the highest common factor of 165 and 960?
15
What is the greatest common factor of 43 and 1333?
43
What is the greatest common factor of 220 and 4070?
110
Calculate the highest common divisor of 15 and 3585.
15
Calculate the greatest common factor of 18717 and 34.
17
Calculate the greatest common divisor of 2109 and 171.
57
Calculate the highest common divisor of 15 and 70.
5
Calculate the greatest common factor o